 Give w(-3).
387
Let v(n) = -14350*n + 29004. Give v(2).
304
Let y(m) = -950*m - 35175. Calculate y(-37).
-25
Let l(t) = t**2 - 4233*t - 433315. Determine l(-100).
-15
Let m(z) = -z**3 + 50*z**2 + 576*z - 32302. What is m(48)?
-46
Let g(o) = 28203*o**2 + 169216*o. What is g(-6)?
12
Let h(j) = 2*j**3 - 126*j**2 - 179*j + 18801. Calculate h(62).
15
Let p(b) = -16*b**2 + 1474*b - 17554. Calculate p(14).
-54
Let b(q) = -q**3 - 115*q**2 + 657*q + 21522. Determine b(-119).
-17
Let a(p) = p**2 - 1887*p - 82896. Give a(-43).
94
Let k(v) = -115835*v + 28611250. What is k(247)?
5
Let g(k) = -k**3 + 17*k**2 - 242*k + 3212. Give g(15).
32
Let y(f) = -47*f**3 + 9*f**2 + 20*f + 35. Calculate y(-2).
407
Let t(z) = -6*z**2 + 78*z + 1235. Give t(31).
-2113
Let q(w) = -w**3 + 242*w**2 + 984*w - 12. Give q(246).
-12
Let k(w) = 2*w**3 + 1388*w**2 - 18364*w + 12720. Calculate k(-707).
-6
Let t(c) = -3*c**2 + 2000*c - 29319. Determine t(15).
6
Let n(s) = s**3 + 18*s**2 - 140*s - 1694. Determine n(-11).
693
Let d(c) = c**2 + 137*c + 485. What is d(10)?
1955
Let f(h) = 6*h**2 + 202*h - 8281. Give f(24).
23
Let h(x) = -1448*x + 62237. What is h(43)?
-27
Let k(v) = 2522*v - 46727. Determine k(19).
1191
Let i(a) = -5812*a - 5620. What is i(-1)?
192
Let w(y) = -2779*y - 13312. Calculate w(-4).
-2196
Let x(f) = 907*f + 2252. Calculate x(-2).
438
Let f(w) = 160837*w + 2412562. Calculate f(-15).
7
Let p(v) = -10*v**2 + 602*v + 1372. What is p(62)?
256
Let r(p) = 582*p + 36115. Calculate r(-61).
613
Let n(y) = -y**2 + 1924821*y - 7699276. Determine n(4).
-8
Let m(r) = -162*r + 7555. Determine m(46).
103
Let l(p) = 214*p + 1031. Give l(-12).
-1537
Let y(x) = 7*x**3 + 147*x**2 + 19*x + 75. Calculate y(-7).
4744
Let s(t) = 2141566*t + 8566265. Determine s(-4).
1
Let n(t) = t**3 + 391*t**2 - 1238*t - 22065. Calculate n(-394).
-1
Let d(c) = -2559*c + 1435628. What is d(561)?
29
Let b(g) = g**3 - 32*g**2 - 382*g + 12184. Give b(32).
-40
Let c(l) = -2855867*l + 5711732. Calculate c(2).
-2
Let v(a) = -446*a**2 + 5*a - 4. Calculate v(1).
-445
Let z(f) = 38*f**3 + 4*f**2 + 12*f + 38. What is z(-3)?
-988
Let t(f) = -619*f - 32463. Calculate t(-52).
-275
Let k(o) = -o**2 + 802*o + 17129. Give k(-21).
-154
Let g(j) = -4*j**2 + 388*j + 3368. What is g(-8)?
8
Let f(i) = -24*i**2 + 69*i + 676. Determine f(-4).
16
Let g(n) = 26*n**2 + 1067*n + 194. Determine g(-41).
153
Let w(d) = 1283*d - 7838. Calculate w(6).
-140
Let n(m) = -10*m**2 - 10734*m - 57677. Give n(-1068).
-5
Let o(b) = -4*b**2 - 4418*b + 37839. Give o(-1113).
-3
Let o(y) = y**2 + 10433*y + 9659965. What is o(-1027)?
3
Let x(v) = -3*v**3 - 436*v**2 - 575*v + 31. Give x(-144).
-113
Let j(g) = -54*g**3 - 5*g**2 + 164*g - 307. Determine j(2).
-431
Let g(y) = 2582*y + 32898. Give g(-13).
-668
Let q(t) = -t**3 + 37*t**2 + 145*t - 774. Determine q(40).
226
Let s(z) = -37068*z - 222414. Calculate s(-6).
-6
Let s(k) = -76404*k - 611130. Calculate s(-8).
102
Let g(k) = 30*k**2 - 1556*k - 1139. Calculate g(52).
-931
Let g(q) = 2*q**2 - 5064*q - 40397. Determine g(-8).
243
Let s(h) = -h**3 + 24*h**2 + 52*h + 778. Calculate s(27).
-5
Let i(o) = -o**2 + 427*o - 24405. Calculate i(69).
297
Let w(d) = 3*d**3 + 103*d**2 + 59*d + 32. What is w(-33)?
2441
Let h(r) = 7993*r + 25592. Determine h(-3).
1613
Let z(y) = -477410*y - 32463875. Give z(-68).
5
Let b(t) = -t**3 + 127*t**2 - 37*t - 11206. Determine b(126).
8
Let l(x) = -x**3 - 28*x**2 - 215*x - 7091. Calculate l(-29).
-15
Let b(g) = -111*g - 53173. What is b(-477)?
-226
Let h(m) = 8*m**3 + 3*m**2 - 28*m - 97. Give h(-3).
-202
Let m(d) = d**3 + 39*d**2 + 235*d - 557. Determine m(-31).
-154
Let q(a) = -a**3 - 78*a**2 - 437*a - 17. Determine q(-6).
13
Let n(l) = 26*l**2 - 11*l + 44. Calculate n(6).
914
Let f(v) = -9*v**3 + 103*v**2 - 47*v + 37. Give f(11).
4
Let f(d) = -d**3 - 156*d**2 + 9*d - 2231. Give f(0).
-2231
Let i(x) = x**2 - 476*x + 48177. Determine i(146).
-3
Let s(g) = 376*g**2 - 1437*g + 3. What is s(4)?
271
Let f(v) = -6*v**2 + 300*v + 1271. What is f(-4)?
-25
Let j(c) = -161*c**2 + 7791*c + 23. What is j(49)?
-4779
Let w(f) = 570*f - 62128. Give w(109).
2
Let v(r) = -780*r**2 - 3174*r - 29. Give v(-4).
187
Let d(y) = y**3 - 313*y**2 + 6673*y - 884. What is d(290)?
-14
Let x(h) = h**3 + 21*h**2 - 2244*h + 48. What is x(-59)?
166
Let h(c) = -5245*c - 256996. Calculate h(-49).
9
Let l(p) = -13099*p + 628753. Give l(48).
1
Let a(b) = 2*b**3 - 33*b**2 - 30*b - 126. Give a(17).
-347
Let h(b) = 5*b**3 + 563*b**2 - 784*b + 1708. Give h(-114).
112
Let y(k) = -169*k**2 + 1069*k + 791. What is y(7)?
-7
Let n(u) = 2453*u**2 - 17155*u - 68. Give n(7).
44
Let s(a) = -10*a**3 + 2722*a**2 + 13571*a - 11. Calculate s(-5).
1434
Let d(g) = g**3 - 23*g**2 + 19*g - 186. Give d(23).
251
Let u(c) = -136*c - 713. What is u(7)?
-1665
Let v(r) = -4*r**2 + 117969*r + 3660889. Give v(-31).
6
Let p(t) = -6*t**2 - 1104*t - 9147. Give p(-172).
3237
Let d(r) = -r**3 - 297*r**2 + 2758*r + 859. Calculate d(-306).
-365
Let f(i) = 11*i**2 - 183*i - 17958. Give f(-33).
60
Let w(s) = -935*s**2 - 251*s - 247. Calculate w(-1).
-931
Let y(g) = 1086*g + 90131. What is y(-83)?
-7
Let n(m) = 48611*m - 194438. Calculate n(4).
6
Let n(q) = -7*q**3 + 2002*q**2 - 9839*q + 1129. Calculate n(281).
5
Let y(f) = -806*f + 330330. Give y(410).
-130
Let c(m) = -3074*m - 797. Calculate c(-1).
2277
Let j(f) = 218*f + 52027. Calculate j(-236).
579
Let q(c) = -4*c**3 + 179*c**2 - 1996*c + 317. Give q(20).
-3
Let g(t) = 5*t**3 + 28*t**2 - 437*t - 2599. Determine g(-6).
-49
Let k(c) = 30181*c + 181145. Determine k(-6).
59
Let x(s) = -2*s**3 - 345*s**2 + 535*s + 2744. Calculate x(-174).
482
Let d(b) = 16*b**2 - 310*b - 935. Give d(-3).
139
Let f(b) = -9*b**2 - 112*b + 514. Give f(-14).
318
Let v(h) = 1465*h - 174393. What is v(119)?
-58
Let v(g) = -5*g**2 + 1824*g + 11106. Determine v(-6).
-18
Let z(i) = 2713*i + 558598. Determine z(-206).
-280
Let q(j) = -79445*j + 4846107. Give q(61).
-38
Let t(q) = 3*q**2 + 6815*q + 34137. Give t(-5).
137
Let m(x) = 4*x**2 - 9678*x + 106069. Give m(11).
95
Let s(l) = -9*l**2 + 227*l - 2829. What is s(12)?
-1401
Let c(h) = h**2 - 22181*h + 35. What is c(0)?
35
Let j(n) = 50047*n - 7957470. Determine j(159).
3
Let z(y) = -1267*y - 638409. Determine z(-504).
159
Let u(s) = s**2 - 1263*s + 21262. Calculate u(17).
80
Let k(t) = 1740050*t + 3480108. Give k(-2).
8
Let k(f) = 3*f**3 + 28*f**2 + 22*f - 46. Calculate k(-8).
34
Let f(k) = 2*k**2 - 4*k + 263. Calculate f(21).
1061
Let y(b) = -243*b**2 - 11617*b + 2220. Give y(-48).
-36
Let h(t) = 2*t**3 + 1133*t**2 - 3*t - 8. Calculate h(0).
-8
Let x(y) = 10*y**3 - 25*y**2 + 50*y - 6. Determine x(5).
869
Let k(w) = -2*w**2 + 22578*w - 518244. Calculate k(23).
-8
Let g(p) = -p**3 + 329*p**2 + 23490*p - 18298. Calculate g(-61).
2
Let q(f) = f**3 + 148*f**2 - 468*f - 2263. What is q(-151)?
2
Let k(o) = -7*o**3 - 6*o**2 + 70*o + 170. What is k(-3)?
95
Let g(z) = 4*z**3 - 609*z**2 - 447*z - 1832. Give g(153).
4
Let k(m) = -2*m**2 - 11751*m - 140873. What is k(-12)?
-149
Let w(f) = 405*f + 29129. Calculate w(-72).
-31
Let a(s) = 59286*s + 533548. Determine a(-9).
-26
Let x(p) = 111562*p - 446206. What is x(4)?
42
Let x(f) = -f**3 - 13*f**2 + 157*f + 2453. Give x(-16).
709
Let f(s) = 51*s**3 + 6*s**2 - 48*s + 206. What is f(4)?
3374
Let v(l) = 2*l**2 - 3046*l - 9143. Determine v(-3).
13
Let n(x) = 256*x + 106. What is n(3)?
874
Let p(g) = 6882*g - 1059841. Calculate p(154).
-13
Let f(j) = 31*j**2 - 31*j + 40. Calculate f(-3).
412
Let t(s) = s**2 + 174*s + 4753. Determine t(-141).
100
Let o(t) = -1391*t - 289332. Calculate o(-208).
-4
Let r(b) = -2*b**3 - 1083*b**2 + 17473*b + 9176605. Determine r(-542).
3
Let t(a) = 76*a + 1457. Determine t(-19).
13
Let v(p) = -p**2 + 105*p + 15146. What is v(-82)?
-188
Let s(h) = 5*h**2 + 8*h + 50. Determine s(-9).
383
Let l(p) = -4348*p - 17476. Determine l(-4).
-84
Let w(k) = 1528*k + 26. Give w(0).
26
Let d(a) = -22*a**3 + 17*a**2 - 68*a + 9. Determine d(3).
-636
Let k(l) = 4*l**2 + 104*l - 12773. Calculate k(-71).
7
Let h(w) = -17*w**3 - 149*w**2 - 127*w + 22. Give h(-1).
17
Let d(b) = b**3 - 113*b**2 + 795*b + 624. Give d(105).
-4101
Let w(t) = t**3 + 233*t**2 + 641*t + 94995. Calculate w(-232).
107
Let b(i) = 2*i**3 + 155*i**2 +